t common factor of q and a?
41
Suppose 2124 = 9*g - 15*g. Let f = g - -634. Calculate the highest common factor of 10 and f.
10
Let i = 560 + 82. Let b = i + -66. What is the highest common factor of 9 and b?
9
Let d be ((-95)/2)/(4/(-8)). Let y(h) = h**3 + 3*h**2 - 3*h - 6. Let l be y(-4). Let u be ((-6)/l)/3 + 752/40. What is the greatest common factor of u and d?
19
Suppose 4*k + 2*m - 784 = 0, -m = -15 + 13. Calculate the greatest common divisor of 325 and k.
65
Let s(b) = 47*b**3 - 5*b**2 + 127*b - 484. Let m be s(4). Calculate the greatest common divisor of m and 18.
18
Let y = 1241 - 1235. Calculate the greatest common factor of 258 and y.
6
Suppose -6*c + 2*c = -3*g - 262, 2*c - 5*g = 138. Suppose 3*i + 208 = 4*i. Calculate the greatest common factor of i and c.
16
Suppose 37*t = 33*t - 4*p - 16, 13 = -2*t - 3*p. Let g be t/((-385)/130 - -3). Calculate the greatest common factor of 2 and g.
2
Let z(y) = 860*y**2 - 270*y + 538. Let i be z(2). Calculate the highest common divisor of i and 45.
9
Suppose -32*q + 37*q + 485 = 0. Let c = q - -141. What is the highest common factor of c and 165?
11
Let z be 6/(-15) + ((-432)/20 - 0). Let a be (-156)/22 + (-2)/z. Let h be (7/a)/((-3)/165). Calculate the greatest common divisor of 22 and h.
11
Suppose -3*c = -2*a + 1 + 31, 3*c = -4*a + 28. Suppose 0 = 4*k - 524 + 20. Let g = k - 46. Calculate the highest common divisor of a and g.
10
Let d = 70 + -52. Suppose -22 - 118 = 4*l. Let o = 109 - l. What is the greatest common factor of o and d?
18
Let k be (-19)/(108/24 - 5). Calculate the greatest common factor of k and 3173.
19
Suppose 43*c - 44*c = -3. Suppose c*w - 8*w = -5, -5*a = -4*w - 11. Calculate the greatest common divisor of 21 and a.
3
Suppose 0 = -154*s + 3643 - 1902 + 1801. What is the highest common factor of 18331 and s?
23
Let d be ((-2)/6)/((-1)/153). Suppose 0 = -17*s - 563 + 614. Suppose -s*v + d = 30. Calculate the highest common factor of 112 and v.
7
Suppose -3331*a - 50415 = -3336*a - 5*k, -3 = -k. Calculate the greatest common factor of 128 and a.
32
Suppose h - 21*h + 180 = 0. Let j(s) = 151*s**3 + 3*s**2 - s. Let c be j(1). Calculate the highest common divisor of c and h.
9
Let j(z) = 5*z**3 - 2*z - 4. Let i be j(-3). Suppose 2*l - 411 - 3 = 0. Let q = i + l. Calculate the highest common factor of 37 and q.
37
Suppose -5*l - 2566 = -3*g, -2*g + 20*l - 21*l = -1702. What is the highest common factor of 48 and g?
12
Suppose 530*g = 534*g + 48. Let r be 21/(5/(-40)*g). Calculate the highest common factor of 448 and r.
14
Suppose -4*g - 4 = 2*z + 10, 0 = 5*g + 25. Let p be 14 - (-2 + (-8 - 4)/z). What is the greatest common divisor of 5 and p?
5
Suppose -6*v = 5*v - 13*v + 130. Calculate the greatest common divisor of v and 35.
5
Let s(z) = 49*z - 216. Let p(q) = -51*q + 217. Let b(m) = -4*p(m) - 3*s(m). Let o be b(4). Calculate the greatest common divisor of 632 and o.
8
Suppose -1332 - 37620 = -186*a + 16662. Calculate the greatest common factor of 345 and a.
23
Let z = -281 - -425. Suppose 36658 = -20*r + 36978. What is the greatest common divisor of z and r?
16
Suppose 3*s = 15, -7*p - s + 4094 = -3359. What is the highest common divisor of p and 560?
56
Let s be (-134)/(-3) - (-1)/3. Let k be (-13 + 15)*(0 + -2). Let t = 9 + k. Calculate the greatest common divisor of s and t.
5
Let w be 30/(-50) - (-189)/15. Suppose w*m - 66 = 150. Suppose -b + 6*b = 810. What is the highest common factor of m and b?
18
Suppose 0 = 3*x + 2*j - 1015, 0 = x + 2*x - 4*j - 1021. Let o = x - 231. Let w = 126 + -90. What is the greatest common divisor of w and o?
36
Suppose 10*t - 117*t + 1297268 - 515954 = 0. Calculate the highest common divisor of 6 and t.
6
Suppose -95 + 100 = y, -1609 = -2*x - 5*y. What is the greatest common factor of x and 374?
22
Suppose 141*o = 229*o + 191*o - 17577. What is the greatest common divisor of o and 26460?
63
Let k(b) = 2*b + 36. Let p be k(-10). Calculate the greatest common divisor of p and 256.
16
Let h(s) = 52*s - 516. Let o be h(12). Calculate the highest common divisor of o and 2304.
36
Let p(v) = -v**3 + 11*v**2 - 15*v + 13. Let h be 1/(-4 + 222/54). Let r be p(h). What is the highest common factor of r and 20?
20
Let o = -202 + -18. Let g = -203 - o. What is the highest common factor of g and 102?
17
Let p(s) = -s + 5. Let b be p(0). Let d be (5/15)/(b/75). Suppose 4*l = 4*c + 128, 3*c - 160 = -d*l + 6*c. What is the highest common factor of 80 and l?
16
Let x(q) = 2*q**3 - 18*q**2 + 2*q + 11. Let s be x(10). What is the highest common divisor of s and 35?
7
Suppose 0 = -16*z + 2349 + 4563. Let k be -1 - 0 - -2*14. What is the greatest common factor of k and z?
27
Suppose 5*k - 4*g = -138, 4*g + 15 = -k - 27. Let v = k + 48. What is the highest common factor of v and 18?
18
Suppose 4*n - 24 = -2*p, 2 = p - n + 5. Let f(d) = 6*d + p*d**2 + d - 3 - 8. Let c be f(2). Calculate the highest common divisor of c and 11.
11
Let l = 889 - 684. Let m = -194 + l. Suppose 319 = 4*j - 165. What is the greatest common divisor of j and m?
11
Let o(p) = 3*p**2 - 2*p - 3. Let b be o(-3). Let k = 123 + -122. Let y be 74*k - (-24 + 23). What is the greatest common divisor of b and y?
15
Suppose -a + 10 = 60*g - 57*g, a + 5*g = 14. Calculate the highest common divisor of a and 130.
2
Let q(z) = z**2 - 78*z + 1517. Let d be q(42). What is the highest common factor of 9 and d?
1
Let p = -30 + 53. Suppose 54*r - 4903 = 5033. What is the greatest common divisor of r and p?
23
Let p be ((-178)/(-11) - 7) + 2/(-11). Let n(o) = o + 5. Let t be n(p). What is the greatest common factor of 105 and t?
7
Let h be ((-174)/(-2))/(-54 + 55). Let t be (2 - (-2704)/40)*10. What is the greatest common divisor of h and t?
87
Let v = -59 + 68. Suppose 0 = v*n - 2 - 250. Calculate the greatest common factor of 12 and n.
4
Suppose 10 = 3*f - 242. Let h = 44 + -45. Let j be 66/9*3 + h. What is the greatest common factor of f and j?
21
Suppose -23*b - 16 = -24*b + 3*v, -64 = -4*b - 2*v. Calculate the greatest common divisor of 3464 and b.
8
Let h(d) = -2*d - 39. Let x be h(0). Let u = 73 + x. Suppose 2*q + 0*q = 612. What is the greatest common factor of q and u?
34
Suppose 4*k = -5*i + 37, -2*i - 5*k - 12 = -37. Suppose -3*r + h - 2 = 0, 0 = 7*r - 12*r - i*h + 30. Calculate the highest common factor of r and 32.
1
Let b(s) = -2*s**3 - 10*s**2 - 17*s - 1. Let j be b(-3). Let m be (77/(-3))/(3/(-9)). Calculate the greatest common factor of m and j.
7
Let b(d) be the second derivative of 0 - 29*d + 5*d**2 - 1/2*d**3. Let z be b(-8). Calculate the highest common factor of 51 and z.
17
Suppose 0 = 3*p - 5*m - 26, 23 = 4*p - 4*m - 25. Let b be p*(10 + -9) + 5. Calculate the greatest common factor of 154 and b.
22
Let p be ((-72)/36)/(6/(-132)). What is the highest common divisor of p and 3652?
44
Let n = 15197 + -14109. Calculate the greatest common factor of n and 476.
68
Suppose -20*g + 19233 = -4527. What is the greatest common divisor of 3762 and g?
198
Let d(o) = o**3 + 2*o**2 + 2*o + 7. Let s be d(-6). Let n = 248 + s. Suppose -4*m = -5*m + 9. What is the greatest common divisor of m and n?
9
Let p be (-1)/(4*(-1)/(-4)) - 72. Let m = p - -79. Suppose 578 = m*t - 148. Calculate the highest common factor of 11 and t.
11
Suppose 0*h = -15*h - 14700. Let x = h - -2053. What is the highest common divisor of x and 29?
29
Let v be 243*(13 + -10 + 0 - 8/3). What is the highest common factor of 2997 and v?
81
Let m = 8 + -5. Suppose -m*y + 5*x + 44 = 0, -109 = -5*y - 2*x + 16. Suppose t - 21 - 2 = 0. What is the greatest common divisor of t and y?
23
Let c = -320 + 362. Suppose -36*y - 36 = -c*y. Calculate the greatest common factor of 12 and y.
6
Suppose 40*i - 18871 - 17661 = 12428. What is the highest common factor of i and 11322?
306
Let u(y) = 139*y - 12. Let j be u(7). Let p be 7/(-28) + j*3/12. Calculate the greatest common divisor of 36 and p.
12
Suppose -153*z = -66*z - 73*z - 147896. Calculate the highest common factor of z and 228.
76
Let c(j) = j**2 + 11*j - 52. Let b be c(-16). Suppose -3763 - 157 = -b*y. What is the highest common factor of y and 56?
28
Suppose 2*t - 32 = -c + 31, 4*c = 20. Suppose -106 = -3*a + t. Let j be (6 - a)/(-1 + 1/(-2)). Calculate the greatest common facto